{"id":2759,"date":"2024-05-23T13:59:12","date_gmt":"2024-05-23T12:59:12","guid":{"rendered":"https:\/\/fnenterprise.it\/?page_id=2759"},"modified":"2024-07-06T17:13:55","modified_gmt":"2024-07-06T16:13:55","slug":"la-nostra-storia","status":"publish","type":"page","link":"https:\/\/fnenterprise.it\/index.php\/la-nostra-storia\/","title":{"rendered":"La nostra storia"},"content":{"rendered":"\t\t<div data-elementor-type=\"wp-page\" data-elementor-id=\"2759\" class=\"elementor elementor-2759\" data-elementor-post-type=\"page\">\n\t\t\t\t\t\t<section class=\"elementor-section elementor-top-section elementor-element elementor-element-434cee82 elementor-section-height-min-height elementor-section-content-middle elementor-section-boxed elementor-section-height-default elementor-section-items-middle\" data-id=\"434cee82\" data-element_type=\"section\" data-e-type=\"section\" data-settings=\"{&quot;background_background&quot;:&quot;video&quot;,&quot;background_video_link&quot;:&quot;https:\\\/\\\/fnenterprise.it\\\/wp-content\\\/uploads\\\/2023\\\/11\\\/fgn-sito-loop-COMPRESS-1.mp4&quot;,&quot;background_play_on_mobile&quot;:&quot;yes&quot;}\">\n\t\t\t\t\t\t\t\t<div class=\"elementor-background-video-container\">\n\t\t\t\t\t\t\t\t\t\t\t\t\t<video class=\"elementor-background-video-hosted\" role=\"presentation\" autoplay muted playsinline loop><\/video>\n\t\t\t\t\t\t\t\t\t\t\t<\/div>\n\t\t\t\t\t\t\t\t\t<div class=\"elementor-background-overlay\"><\/div>\n\t\t\t\t\t\t\t<div class=\"elementor-container elementor-column-gap-default\">\n\t\t\t\t\t<div class=\"elementor-column elementor-col-100 elementor-top-column elementor-element elementor-element-3a2a30ad\" data-id=\"3a2a30ad\" data-element_type=\"column\" data-e-type=\"column\">\n\t\t\t<div class=\"elementor-widget-wrap elementor-element-populated\">\n\t\t\t\t\t\t<section class=\"elementor-section elementor-inner-section elementor-element elementor-element-5df9c4c4 elementor-section-full_width elementor-section-height-default elementor-section-height-default\" data-id=\"5df9c4c4\" data-element_type=\"section\" data-e-type=\"section\">\n\t\t\t\t\t\t<div class=\"elementor-container elementor-column-gap-default\">\n\t\t\t\t\t<div class=\"elementor-column elementor-col-100 elementor-inner-column elementor-element elementor-element-8eb5a77 elementor-invisible\" data-id=\"8eb5a77\" data-element_type=\"column\" data-e-type=\"column\" data-settings=\"{&quot;animation&quot;:&quot;fadeInUp&quot;}\">\n\t\t\t<div class=\"elementor-widget-wrap elementor-element-populated\">\n\t\t\t\t\t\t<div class=\"elementor-element elementor-element-73750649 animated-fast elementor-invisible elementor-widget elementor-widget-heading\" data-id=\"73750649\" data-element_type=\"widget\" data-e-type=\"widget\" data-settings=\"{&quot;_animation&quot;:&quot;fadeInUp&quot;}\" data-widget_type=\"heading.default\">\n\t\t\t\t<div class=\"elementor-widget-container\">\n\t\t\t\t\t<h1 class=\"elementor-heading-title elementor-size-default\">La nostra <a style=\"color:#29BAE0\">storia<\/a>.<\/h1>\t\t\t\t<\/div>\n\t\t\t\t<\/div>\n\t\t\t\t\t<\/div>\n\t\t<\/div>\n\t\t\t\t\t<\/div>\n\t\t<\/section>\n\t\t\t\t\t<\/div>\n\t\t<\/div>\n\t\t\t\t\t<\/div>\n\t\t<\/section>\n\t\t<div class=\"elementor-element elementor-element-bb69124 e-flex e-con-boxed e-con e-parent\" data-id=\"bb69124\" data-element_type=\"container\" data-e-type=\"container\">\n\t\t\t\t\t<div class=\"e-con-inner\">\n\t\t\t\t<div class=\"elementor-element elementor-element-d604126 elementor-widget elementor-widget-heading\" data-id=\"d604126\" data-element_type=\"widget\" data-e-type=\"widget\" data-widget_type=\"heading.default\">\n\t\t\t\t<div class=\"elementor-widget-container\">\n\t\t\t\t\t<h2 class=\"elementor-heading-title elementor-size-default\">Un viaggio di crescita alla scoperta di  <a style=\"color:#29BAE0\">me stesso<\/a>.<\/h2>\t\t\t\t<\/div>\n\t\t\t\t<\/div>\n\t\t\t\t<div class=\"elementor-element elementor-element-32259184 elementor-invisible elementor-widget elementor-widget-timeline-widget-addon\" data-id=\"32259184\" data-element_type=\"widget\" data-e-type=\"widget\" data-settings=\"{&quot;_animation&quot;:&quot;fadeInDown&quot;}\" data-widget_type=\"timeline-widget-addon.default\">\n\t\t\t\t<div class=\"elementor-widget-container\">\n\t\t\t\t\t<!-- ========= Timeline Widget Addon For Elementor 1.6.6 ========= -->\n<div id=\"twae-wrapper-32259184\" class=\"twae-vertical twae-wrapper  twae-both-sided\">   \n    <div class=\"twae-start\"><\/div>    \n    <div id=\"twea-timeline-32259184\" class=\"twae-timeline\" ><!-- Start of Story Repeater Content --><div id=\"story-6fbd7c4\" class=\"twae-story twae-repeater-item twae-story-right twae-story-no-icon\"><!-- Story Label --><div class=\"twae-labels\"><div class=\"twae-label-big\">2009<\/div><div class=\"twae-label-small\">La nascita<\/div><\/div><!-- Story Icon --><div class=\"twae-icon\"><i aria-hidden=\"true\" class=\"far fa-clock\"><\/i><\/div><!-- Story Arrow --><div class=\"twae-arrow\"><\/div><!-- Start of Story Content --><div class=\"twae-content\"><!-- Story Title --><div class=\"twae-title\">Gli Inizi di un Giovane Venditore<\/div><!-- Story Description --><div class=\"twae-description\"><p class=\"p1\">Era il 2009, appena maggiorenne e con tanta voglia di fare, quando ho iniziato il mio viaggio professionale come venditore per un'agenzia del gruppo Wolters Kluwer. Era un mondo nuovo e affascinante, pieno di sfide e difficolt\u00e0, che di tanto in tanto, mi mettevano nelle condizioni di pensare di gettare la spugna. Ogni giorno imparavo qualcosa di nuovo, affinando le mie competenze e sviluppando una passione per il settore.<\/p><\/div><\/div><\/div><!-- Start of Story Repeater Content --><div id=\"story-3115663\" class=\"twae-story twae-repeater-item twae-story-left twae-story-no-icon\"><!-- Story Label --><div class=\"twae-labels\"><div class=\"twae-label-big\">2012<\/div><div class=\"twae-label-small\">La crescita<\/div><\/div><!-- Story Icon --><div class=\"twae-icon\"><i aria-hidden=\"true\" class=\"far fa-clock\"><\/i><\/div><!-- Story Arrow --><div class=\"twae-arrow\"><\/div><!-- Start of Story Content --><div class=\"twae-content\"><!-- Story Title --><div class=\"twae-title\">Il Passaggio al Gruppo Sole 24 Ore<\/div><!-- Story Description --><div class=\"twae-description\"><p class=\"p1\">Dopo tre anni intensi e formativi, nel 2012 ho ricevuto una proposta che non potevo rifiutare: un mandato di agenzia diretto per il Gruppo Sole 24 Ore. Questo \u00e8 stato un salto di qualit\u00e0 significativo nella mia carriera. Lavorare per un'azienda di tale prestigio mi ha permesso di crescere ulteriormente, affrontando sfide pi\u00f9 complesse e consolidando la mia reputazione come professionista del settore, coltivando rapporti professionali e personali sinceri e duraturi!<\/p><\/div><\/div><\/div><!-- Start of Story Repeater Content --><div id=\"story-0067a05\" class=\"twae-story twae-repeater-item twae-story-right twae-story-no-icon\"><!-- Story Label --><div class=\"twae-labels\"><div class=\"twae-label-big\">2016<\/div><div class=\"twae-label-small\">Il fallimento<\/div><\/div><!-- Story Icon --><div class=\"twae-icon\"><i aria-hidden=\"true\" class=\"far fa-clock\"><\/i><\/div><!-- Story Arrow --><div class=\"twae-arrow\"><\/div><!-- Start of Story Content --><div class=\"twae-content\"><!-- Story Title --><div class=\"twae-title\">Il tramonto del \u201cSole\u201d<\/div><!-- Story Description --><div class=\"twae-description\"><p class=\"p1\">L'azienda attraversava un periodo di grandi cambiamenti: il CDA aveva deciso di rimescolare le carte, e rinnovare i vertici, cos\u00ec da un giorno all\u2019 altro, mi trovai completamente disorientato e privo di quelli che sino a quel momento rappresentavano un punto di riferimento importante, nonch\u00e9<span class=\"Apple-converted-space\">\u00a0 <\/span>colonne portanti del mio percorso lavorativo. Non fu difficile intuire che ormai non<span class=\"Apple-converted-space\">\u00a0 <\/span>facevo pi\u00f9 parte dei nuovi piani aziendali. Gli ultimi giorni in ufficio furono un'agonia, un cocktail di emozioni che spaziavano dal timore di cosa ci fosse fuori ad aspettarmi, ad un senso di rinascita e liberazione.<\/p><p class=\"p1\">Lasciai l'azienda con la consapevolezza di ci\u00f2<span class=\"Apple-converted-space\">\u00a0 <\/span>che gli anni avevo costruito, e con un forte senso di rivalsa nei confronti di chi, non credette in me, tagliandomi fuori dai progetti!<\/p><\/div><\/div><\/div><!-- Start of Story Repeater Content --><div id=\"story-8f198bf\" class=\"twae-story twae-repeater-item twae-story-left twae-story-no-icon\"><!-- Story Label --><div class=\"twae-labels\"><div class=\"twae-label-big\">2017<\/div><div class=\"twae-label-small\">Un nuovo inizio<\/div><\/div><!-- Story Icon --><div class=\"twae-icon\"><i aria-hidden=\"true\" class=\"far fa-clock\"><\/i><\/div><!-- Story Arrow --><div class=\"twae-arrow\"><\/div><!-- Start of Story Content --><div class=\"twae-content\"><!-- Story Title --><div class=\"twae-title\">L\u2019Approdo in TeamSystem<\/div><!-- Story Description --><div class=\"twae-description\"><p class=\"p1\">Il 2017 ha segnato un altro importante capitolo nella mia vita professionale. Dopo mesi di difficolt\u00e0 dovuto al periodo \"costretto\" lontano dal terreno di gioco sono entrato a far parte di TeamSystem, un'azienda innovativa e dinamica, dove ho trovato il terreno ideale per mettere a frutto tutte le competenze acquisite negli anni precedenti. La mia determinazione, la mia esperienza e il mio senso di rivalsa per\u00f2 non erano sufficienti a raggiungere la vetta. I miei risultati erano buoni, ma il percorso per ritornare in vetta era ancora molto lungo!<\/p><\/div><\/div><\/div><!-- Start of Story Repeater Content --><div id=\"story-33f5c96\" class=\"twae-story twae-repeater-item twae-story-right twae-story-no-icon\"><!-- Story Label --><div class=\"twae-labels\"><div class=\"twae-label-big\">2018<\/div><div class=\"twae-label-small\">La maturit\u00e0 professionale<\/div><\/div><!-- Story Icon --><div class=\"twae-icon\"><i aria-hidden=\"true\" class=\"far fa-clock\"><\/i><\/div><!-- Story Arrow --><div class=\"twae-arrow\"><\/div><!-- Start of Story Content --><div class=\"twae-content\"><!-- Story Title --><div class=\"twae-title\">I primi passi nel mondo del Coaching<\/div><!-- Story Description --><div class=\"twae-description\"><p class=\"p1\">Il mio avvicinamento al mondo del coaching \u00e8 iniziato con un percorso personale che ha avuto un impatto significativo sulla mia visione del successo e della performance. \u00c8 stata una esperienza incredibile e trasformativa, che mi ha aiutato a raggiungere la miglior versione di me stesso. Dopo anni di esperienza nel settore vendite e gestione, ho riconosciuto l'importanza cruciale della mentalit\u00e0 e delle competenze di leadership per ottenere risultati eccezionali. Questo mi ha spinto a esplorare e approfondire le tecniche di performance coaching e business coaching. Decisi dunque di intraprendere un percorso formativo per diventare coach per trasferire queste competenze ad altri professionisti e aziende, aiutandoli a migliorare la loro produttivit\u00e0, a ottimizzare le loro strategie di business e a raggiungere i loro obiettivi con maggiore efficacia.<\/p><\/div><\/div><\/div><!-- Start of Story Repeater Content --><div id=\"story-86d78e4\" class=\"twae-story twae-repeater-item twae-story-left twae-story-no-icon\"><!-- Story Label --><div class=\"twae-labels\"><div class=\"twae-label-big\">Oggi<\/div><div class=\"twae-label-small\">La consapevolezza<\/div><\/div><!-- Story Icon --><div class=\"twae-icon\"><i aria-hidden=\"true\" class=\"far fa-clock\"><\/i><\/div><!-- Story Arrow --><div class=\"twae-arrow\"><\/div><!-- Start of Story Content --><div class=\"twae-content\"><!-- Story Title --><div class=\"twae-title\">Alla Guida di una Squadra Straordinaria<\/div><!-- Story Description --><div class=\"twae-description\"><p class=\"p1\">Guardandomi indietro, vedo un percorso ricco di esperienze, di difficolt\u00e0, di sfide superate e di obiettivi raggiunti. Un percorso faticoso ma necessario, che mi porta oggi alla guida di una squadra straordinaria.<\/p><p class=\"p1\">La mia squadra \u00e8 la mia forza: un gruppo di professionisti eccezionali con cui condivido i valori e la<span class=\"Apple-converted-space\">\u00a0 <\/span>passione per il nostro lavoro oltre all\u2019 ambizione di raggiungere nuovi traguardi sempre pi\u00f9 sfidanti . Insieme, affrontiamo le sfide quotidiane con entusiasmo e determinazione, consapevoli che ogni successo \u00e8 frutto del lavoro di squadra e dell'impegno di ciascuno di noi.<\/p><p class=\"p1\">Ed \u00e8 proprio grazie al lavoro di squadra che in questi ultimi anni abbiamo raggiunto risultati straordinari, ritagliandoci un ruolo da best performer nel distretto north west, ed entrando di diritto nella top 10 delle agenzie pi\u00f9 performanti in Italia!<\/p><\/div><\/div><\/div><\/div>\n    <div class=\"twae-end\"><\/div>\n    <\/div><style type=\"text\/css\">@media (max-width: 1024px){ .twae-wrapper{--tw-ybx-size: 80px !important;}}@media (max-width: 767px){ .twae-wrapper{--tw-ybx-size: 80px !important}}<\/style>\t\t\t\t<\/div>\n\t\t\t\t<\/div>\n\t\t\t\t\t<\/div>\n\t\t\t\t<\/div>\n\t\t<div class=\"elementor-element elementor-element-a6825d3 e-flex e-con-boxed e-con e-parent\" data-id=\"a6825d3\" data-element_type=\"container\" data-e-type=\"container\" data-settings=\"{&quot;background_background&quot;:&quot;classic&quot;}\">\n\t\t\t\t\t<div class=\"e-con-inner\">\n\t\t\t\t<div class=\"elementor-element elementor-element-a06014f elementor-invisible elementor-widget elementor-widget-image\" data-id=\"a06014f\" data-element_type=\"widget\" data-e-type=\"widget\" data-settings=\"{&quot;_animation&quot;:&quot;fadeInDown&quot;}\" data-widget_type=\"image.default\">\n\t\t\t\t<div class=\"elementor-widget-container\">\n\t\t\t\t\t\t\t\t\t\t\t\t\t\t\t<img fetchpriority=\"high\" decoding=\"async\" width=\"800\" height=\"570\" src=\"https:\/\/fnenterprise.it\/wp-content\/uploads\/2024\/05\/virgolette-1024x729.png\" class=\"attachment-large size-large wp-image-2824\" alt=\"\" srcset=\"https:\/\/fnenterprise.it\/wp-content\/uploads\/2024\/05\/virgolette-1024x729.png 1024w, https:\/\/fnenterprise.it\/wp-content\/uploads\/2024\/05\/virgolette-300x214.png 300w, https:\/\/fnenterprise.it\/wp-content\/uploads\/2024\/05\/virgolette-768x547.png 768w, https:\/\/fnenterprise.it\/wp-content\/uploads\/2024\/05\/virgolette-1536x1094.png 1536w, https:\/\/fnenterprise.it\/wp-content\/uploads\/2024\/05\/virgolette-2048x1458.png 2048w\" sizes=\"(max-width: 800px) 100vw, 800px\" \/>\t\t\t\t\t\t\t\t\t\t\t\t\t\t\t<\/div>\n\t\t\t\t<\/div>\n\t\t\t\t<div class=\"elementor-element elementor-element-5158c63 elementor-invisible elementor-widget elementor-widget-heading\" data-id=\"5158c63\" data-element_type=\"widget\" data-e-type=\"widget\" data-settings=\"{&quot;_animation&quot;:&quot;fadeIn&quot;}\" data-widget_type=\"heading.default\">\n\t\t\t\t<div class=\"elementor-widget-container\">\n\t\t\t\t\t<h2 class=\"elementor-heading-title elementor-size-default\">Una storia di crescita, perseveranza,   <a style=\"color:#29BAE0\"><b>fallimenti<\/b><\/a> in alcuni casi e <a style=\"color:#29BAE0\"><b>successi<\/b><\/a> in altri. \n\n\nOggi vivo il presente con consapevolezza, ben centrato e in <a style=\"color:#29BAE0\"><b>equilibrio<\/b><\/a>.\n<br><br>\nGuardando al futuro affronto nuove sfide con la stessa passione e lo stesso  <a style=\"color:#29BAE0\"><b>entusiasmo<\/b><\/a> di quel giovane venditore che ha iniziato il suo cammino tanti anni fa, ma con maggiori competenze ed  <a style=\"color:#29BAE0\"><b>esperienza<\/b> <\/a>e soprattutto con una consapevolezza in pi\u00f9,\nche <a style=\"color:#29BAE0\"><b>la vita non \u00e8 ci\u00f2 che accade, ma ci\u00f2 che facciamo con ci\u00f2 che accade<\/b><\/a>!<\/h2>\t\t\t\t<\/div>\n\t\t\t\t<\/div>\n\t\t\t\t<div class=\"elementor-element elementor-element-a30fdda elementor-invisible elementor-widget elementor-widget-image\" data-id=\"a30fdda\" data-element_type=\"widget\" data-e-type=\"widget\" data-settings=\"{&quot;_animation&quot;:&quot;fadeInUp&quot;}\" data-widget_type=\"image.default\">\n\t\t\t\t<div class=\"elementor-widget-container\">\n\t\t\t\t\t\t\t\t\t\t\t\t\t\t\t<img decoding=\"async\" width=\"800\" height=\"570\" src=\"https:\/\/fnenterprise.it\/wp-content\/uploads\/2024\/05\/virgolette2-1024x729.png\" class=\"attachment-large size-large wp-image-2825\" alt=\"\" srcset=\"https:\/\/fnenterprise.it\/wp-content\/uploads\/2024\/05\/virgolette2-1024x729.png 1024w, https:\/\/fnenterprise.it\/wp-content\/uploads\/2024\/05\/virgolette2-300x214.png 300w, https:\/\/fnenterprise.it\/wp-content\/uploads\/2024\/05\/virgolette2-768x547.png 768w, https:\/\/fnenterprise.it\/wp-content\/uploads\/2024\/05\/virgolette2-1536x1094.png 1536w, https:\/\/fnenterprise.it\/wp-content\/uploads\/2024\/05\/virgolette2-2048x1458.png 2048w\" sizes=\"(max-width: 800px) 100vw, 800px\" \/>\t\t\t\t\t\t\t\t\t\t\t\t\t\t\t<\/div>\n\t\t\t\t<\/div>\n\t\t\t\t\t<\/div>\n\t\t\t\t<\/div>\n\t\t\t\t<section class=\"elementor-section elementor-top-section elementor-element elementor-element-4fc6f2cd elementor-section-boxed elementor-section-height-default elementor-section-height-default\" data-id=\"4fc6f2cd\" data-element_type=\"section\" data-e-type=\"section\">\n\t\t\t\t\t\t<div class=\"elementor-container elementor-column-gap-default\">\n\t\t\t\t\t<div class=\"elementor-column elementor-col-100 elementor-top-column elementor-element elementor-element-80544dd\" data-id=\"80544dd\" data-element_type=\"column\" data-e-type=\"column\">\n\t\t\t<div class=\"elementor-widget-wrap elementor-element-populated\">\n\t\t\t\t\t\t<section class=\"elementor-section elementor-inner-section elementor-element elementor-element-7306465b elementor-section-content-middle elementor-section-boxed elementor-section-height-default elementor-section-height-default\" data-id=\"7306465b\" data-element_type=\"section\" data-e-type=\"section\" data-settings=\"{&quot;background_background&quot;:&quot;classic&quot;}\">\n\t\t\t\t\t\t\t<div class=\"elementor-background-overlay\"><\/div>\n\t\t\t\t\t\t\t<div class=\"elementor-container elementor-column-gap-default\">\n\t\t\t\t\t<div class=\"elementor-column elementor-col-50 elementor-inner-column elementor-element elementor-element-403cca67\" data-id=\"403cca67\" data-element_type=\"column\" data-e-type=\"column\">\n\t\t\t<div class=\"elementor-widget-wrap elementor-element-populated\">\n\t\t\t\t\t\t<div class=\"elementor-element elementor-element-fce4318 elementor-widget elementor-widget-heading\" data-id=\"fce4318\" data-element_type=\"widget\" data-e-type=\"widget\" data-widget_type=\"heading.default\">\n\t\t\t\t<div class=\"elementor-widget-container\">\n\t\t\t\t\t<div class=\"elementor-heading-title elementor-size-default\">Unisciti a noi!<\/div>\t\t\t\t<\/div>\n\t\t\t\t<\/div>\n\t\t\t\t<div class=\"elementor-element elementor-element-aec5994 elementor-widget elementor-widget-text-editor\" data-id=\"aec5994\" data-element_type=\"widget\" data-e-type=\"widget\" data-widget_type=\"text-editor.default\">\n\t\t\t\t<div class=\"elementor-widget-container\">\n\t\t\t\t\t\t\t\t\t<p class=\"p1\">Scegliere FN Enterprise significa optare per un partner che pone la tecnologia al servizio della professione, liberando risorse preziose e incrementando le possibilit\u00e0 di successo. Contattateci per scoprire come le nostre soluzioni possono trasformare la vostra attivit\u00e0 professionale.<\/p>\t\t\t\t\t\t\t\t<\/div>\n\t\t\t\t<\/div>\n\t\t\t\t<div class=\"elementor-element elementor-element-1b00e762 elementor-align-left elementor-mobile-align-center elementor-widget elementor-widget-button\" data-id=\"1b00e762\" data-element_type=\"widget\" data-e-type=\"widget\" data-widget_type=\"button.default\">\n\t\t\t\t<div class=\"elementor-widget-container\">\n\t\t\t\t\t\t\t\t\t<div class=\"elementor-button-wrapper\">\n\t\t\t\t\t<a class=\"elementor-button elementor-button-link elementor-size-md\" href=\"https:\/\/fnenterprise.it\/index.php\/contatti\/\">\n\t\t\t\t\t\t<span class=\"elementor-button-content-wrapper\">\n\t\t\t\t\t\t\t\t\t<span class=\"elementor-button-text\">Contattaci<\/span>\n\t\t\t\t\t<\/span>\n\t\t\t\t\t<\/a>\n\t\t\t\t<\/div>\n\t\t\t\t\t\t\t\t<\/div>\n\t\t\t\t<\/div>\n\t\t\t\t\t<\/div>\n\t\t<\/div>\n\t\t\t\t<div class=\"elementor-column elementor-col-50 elementor-inner-column elementor-element elementor-element-6e2173b8\" data-id=\"6e2173b8\" data-element_type=\"column\" data-e-type=\"column\">\n\t\t\t<div class=\"elementor-widget-wrap elementor-element-populated\">\n\t\t\t\t\t\t<div class=\"elementor-element elementor-element-10f82661 elementor-widget elementor-widget-image\" data-id=\"10f82661\" data-element_type=\"widget\" data-e-type=\"widget\" data-widget_type=\"image.default\">\n\t\t\t\t<div class=\"elementor-widget-container\">\n\t\t\t\t\t\t\t\t\t\t\t\t\t\t\t<img decoding=\"async\" width=\"449\" height=\"556\" src=\"https:\/\/fnenterprise.it\/wp-content\/uploads\/2024\/06\/IMG_4448-removebg-preview.png\" class=\"attachment-full size-full wp-image-2991\" alt=\"\" srcset=\"https:\/\/fnenterprise.it\/wp-content\/uploads\/2024\/06\/IMG_4448-removebg-preview.png 449w, https:\/\/fnenterprise.it\/wp-content\/uploads\/2024\/06\/IMG_4448-removebg-preview-242x300.png 242w\" sizes=\"(max-width: 449px) 100vw, 449px\" \/>\t\t\t\t\t\t\t\t\t\t\t\t\t\t\t<\/div>\n\t\t\t\t<\/div>\n\t\t\t\t\t<\/div>\n\t\t<\/div>\n\t\t\t\t\t<\/div>\n\t\t<\/section>\n\t\t\t\t\t<\/div>\n\t\t<\/div>\n\t\t\t\t\t<\/div>\n\t\t<\/section>\n\t\t\t\t<\/div>\n\t\t","protected":false},"excerpt":{"rendered":"<p>La nostra storia. Un viaggio di crescita alla scoperta di me stesso. 2009La nascitaGli Inizi di un Giovane Venditore Era il 2009, appena maggiorenne e con tanta voglia di fare, quando ho iniziato il mio viaggio professionale come venditore per un&#8217;agenzia del gruppo Wolters Kluwer. Era un mondo nuovo e affascinante, pieno di sfide e [&hellip;]<\/p>\n","protected":false},"author":1,"featured_media":0,"parent":0,"menu_order":0,"comment_status":"closed","ping_status":"closed","template":"","meta":{"footnotes":""},"class_list":["post-2759","page","type-page","status-publish","hentry"],"_links":{"self":[{"href":"https:\/\/fnenterprise.it\/index.php\/wp-json\/wp\/v2\/pages\/2759","targetHints":{"allow":["GET"]}}],"collection":[{"href":"https:\/\/fnenterprise.it\/index.php\/wp-json\/wp\/v2\/pages"}],"about":[{"href":"https:\/\/fnenterprise.it\/index.php\/wp-json\/wp\/v2\/types\/page"}],"author":[{"embeddable":true,"href":"https:\/\/fnenterprise.it\/index.php\/wp-json\/wp\/v2\/users\/1"}],"replies":[{"embeddable":true,"href":"https:\/\/fnenterprise.it\/index.php\/wp-json\/wp\/v2\/comments?post=2759"}],"version-history":[{"count":181,"href":"https:\/\/fnenterprise.it\/index.php\/wp-json\/wp\/v2\/pages\/2759\/revisions"}],"predecessor-version":[{"id":3129,"href":"https:\/\/fnenterprise.it\/index.php\/wp-json\/wp\/v2\/pages\/2759\/revisions\/3129"}],"wp:attachment":[{"href":"https:\/\/fnenterprise.it\/index.php\/wp-json\/wp\/v2\/media?parent=2759"}],"curies":[{"name":"wp","href":"https:\/\/api.w.org\/{rel}","templated":true}]}}