{"id":2573,"date":"2024-05-15T10:24:21","date_gmt":"2024-05-15T09:24:21","guid":{"rendered":"https:\/\/fnenterprise.it\/?page_id=2573"},"modified":"2024-05-15T10:49:30","modified_gmt":"2024-05-15T09:49:30","slug":"f-a-q","status":"publish","type":"page","link":"https:\/\/fnenterprise.it\/index.php\/f-a-q\/","title":{"rendered":"F.A.Q."},"content":{"rendered":"\t\t<div data-elementor-type=\"wp-page\" data-elementor-id=\"2573\" class=\"elementor elementor-2573\" data-elementor-post-type=\"page\">\n\t\t\t\t\t\t<section class=\"elementor-section elementor-top-section elementor-element elementor-element-58baba78 elementor-section-height-min-height elementor-section-content-middle elementor-section-boxed elementor-section-height-default elementor-section-items-middle\" data-id=\"58baba78\" data-element_type=\"section\" data-e-type=\"section\" data-settings=\"{&quot;background_background&quot;:&quot;video&quot;,&quot;background_video_link&quot;:&quot;https:\\\/\\\/fnenterprise.it\\\/wp-content\\\/uploads\\\/2023\\\/11\\\/fgn-sito-loop-COMPRESS-1.mp4&quot;,&quot;background_play_on_mobile&quot;:&quot;yes&quot;}\">\n\t\t\t\t\t\t\t\t<div class=\"elementor-background-video-container\">\n\t\t\t\t\t\t\t\t\t\t\t\t\t<video class=\"elementor-background-video-hosted\" role=\"presentation\" autoplay muted playsinline loop><\/video>\n\t\t\t\t\t\t\t\t\t\t\t<\/div>\n\t\t\t\t\t\t\t\t\t<div class=\"elementor-background-overlay\"><\/div>\n\t\t\t\t\t\t\t<div class=\"elementor-container elementor-column-gap-default\">\n\t\t\t\t\t<div class=\"elementor-column elementor-col-100 elementor-top-column elementor-element elementor-element-4c25dc0b\" data-id=\"4c25dc0b\" data-element_type=\"column\" data-e-type=\"column\">\n\t\t\t<div class=\"elementor-widget-wrap elementor-element-populated\">\n\t\t\t\t\t\t<section class=\"elementor-section elementor-inner-section elementor-element elementor-element-7a27623e elementor-section-full_width elementor-section-height-default elementor-section-height-default\" data-id=\"7a27623e\" data-element_type=\"section\" data-e-type=\"section\">\n\t\t\t\t\t\t<div class=\"elementor-container elementor-column-gap-default\">\n\t\t\t\t\t<div class=\"elementor-column elementor-col-100 elementor-inner-column elementor-element elementor-element-52ec86a elementor-invisible\" data-id=\"52ec86a\" data-element_type=\"column\" data-e-type=\"column\" data-settings=\"{&quot;animation&quot;:&quot;fadeInUp&quot;}\">\n\t\t\t<div class=\"elementor-widget-wrap elementor-element-populated\">\n\t\t\t\t\t\t<div class=\"elementor-element elementor-element-4d5f3ce3 animated-fast elementor-invisible elementor-widget elementor-widget-heading\" data-id=\"4d5f3ce3\" data-element_type=\"widget\" data-e-type=\"widget\" data-settings=\"{&quot;_animation&quot;:&quot;fadeInUp&quot;}\" data-widget_type=\"heading.default\">\n\t\t\t\t<div class=\"elementor-widget-container\">\n\t\t\t\t\t<h1 class=\"elementor-heading-title elementor-size-default\">Domande <a style=\"color:#29BAE0\">frequenti<\/a>.<\/h1>\t\t\t\t<\/div>\n\t\t\t\t<\/div>\n\t\t\t\t\t<\/div>\n\t\t<\/div>\n\t\t\t\t\t<\/div>\n\t\t<\/section>\n\t\t\t\t\t<\/div>\n\t\t<\/div>\n\t\t\t\t\t<\/div>\n\t\t<\/section>\n\t\t\t\t<section class=\"elementor-section elementor-top-section elementor-element elementor-element-4bd5fbac elementor-section-content-middle elementor-section-boxed elementor-section-height-default elementor-section-height-default\" data-id=\"4bd5fbac\" data-element_type=\"section\" data-e-type=\"section\" data-settings=\"{&quot;background_background&quot;:&quot;video&quot;}\">\n\t\t\t\t\t\t<div class=\"elementor-container elementor-column-gap-default\">\n\t\t\t\t\t<div class=\"elementor-column elementor-col-100 elementor-top-column elementor-element elementor-element-725c132c elementor-invisible\" data-id=\"725c132c\" data-element_type=\"column\" data-e-type=\"column\" data-settings=\"{&quot;animation&quot;:&quot;fadeInLeft&quot;}\">\n\t\t\t<div class=\"elementor-widget-wrap elementor-element-populated\">\n\t\t\t\t\t\t<div class=\"elementor-element elementor-element-2830a659 elementor-widget elementor-widget-heading\" data-id=\"2830a659\" data-element_type=\"widget\" data-e-type=\"widget\" data-widget_type=\"heading.default\">\n\t\t\t\t<div class=\"elementor-widget-container\">\n\t\t\t\t\t<h2 class=\"elementor-heading-title elementor-size-default\">F. A. <a style=\"color:#29BAE0\">Q<\/a>.<\/h2>\t\t\t\t<\/div>\n\t\t\t\t<\/div>\n\t\t\t\t<div class=\"elementor-element elementor-element-b6ab755 elementor-widget elementor-widget-elementskit-faq\" data-id=\"b6ab755\" data-element_type=\"widget\" data-e-type=\"widget\" data-widget_type=\"elementskit-faq.default\">\n\t\t\t\t<div class=\"elementor-widget-container\">\n\t\t\t\t\t<div class=\"ekit-wid-con\" >\n                <div class=\"elementskit-single-faq elementor-repeater-item-67a74dc\">\n            <div class=\"elementskit-faq-header\">\n                <h2 class=\"elementskit-faq-title\">Quali sono i principali servizi offerti da FN Enterprise?<\/h2>\n            <\/div>\n            <div class=\"elementskit-faq-body\">\n                FN Enterprise offre una vasta gamma di servizi, tra cui consulenza strategica per la digitalizzazione, implementazione di soluzioni digitali avanzate, formazione professionale, coaching strategico e supporto tecnico continuo.            <\/div>\n        <\/div>\n                <div class=\"elementskit-single-faq elementor-repeater-item-4e606f3\">\n            <div class=\"elementskit-faq-header\">\n                <h2 class=\"elementskit-faq-title\">Ma chi \u00e8 FN Enterprise?<\/h2>\n            <\/div>\n            <div class=\"elementskit-faq-body\">\n                Fondata nel 2009, FN Enterprise \u00e8 una realt\u00e0 consolidata nel settore dell\u2019editoria elettronica e delle soluzioni software dedicate a professionisti e aziende. Il nostro obiettivo \u00e8 chiaro: permettere a commercialisti e consulenti del lavoro di esprimere il loro massimo potenziale, trasformando le sfide quotidiane in opportunit\u00e0 grazie all\u2019avanguardia tecnologica.\n\n            <\/div>\n        <\/div>\n                <div class=\"elementskit-single-faq elementor-repeater-item-036a245\">\n            <div class=\"elementskit-faq-header\">\n                <h2 class=\"elementskit-faq-title\">Qual \u00e8 l&#039;approccio di FN Enterprise alla consulenza per la digitalizzazione?<\/h2>\n            <\/div>\n            <div class=\"elementskit-faq-body\">\n                FN Enterprise adotta un approccio personalizzato e collaborativo, lavorando a stretto contatto con ogni cliente per comprendere le sue esigenze specifiche e sviluppare soluzioni digitali su misura che affrontano le sfide aziendali.            <\/div>\n        <\/div>\n                <div class=\"elementskit-single-faq elementor-repeater-item-8620585\">\n            <div class=\"elementskit-faq-header\">\n                <h2 class=\"elementskit-faq-title\">Quali vantaggi posso ottenere dalla digitalizzazione della mia azienda con l&#039;aiuto di FN Enterprise?<\/h2>\n            <\/div>\n            <div class=\"elementskit-faq-body\">\n                La digitalizzazione con l'aiuto di FN Enterprise pu\u00f2 portare a una maggiore efficienza operativa, migliore gestione dei dati, accesso semplificato alle informazioni e maggiore competitivit\u00e0 nel mercato digitale.            <\/div>\n        <\/div>\n                <div class=\"elementskit-single-faq elementor-repeater-item-05e2be0\">\n            <div class=\"elementskit-faq-header\">\n                <h2 class=\"elementskit-faq-title\">Le soluzioni digitali fornite da FN Enterprise sono personalizzate per le esigenze specifiche della mia azienda?<\/h2>\n            <\/div>\n            <div class=\"elementskit-faq-body\">\n                \nS\u00ec, tutte le soluzioni digitali fornite da FN Enterprise sono completamente personalizzate per soddisfare le esigenze uniche della tua azienda e del tuo settore.            <\/div>\n        <\/div>\n                <div class=\"elementskit-single-faq elementor-repeater-item-79b31a1\">\n            <div class=\"elementskit-faq-header\">\n                <h2 class=\"elementskit-faq-title\">FN Enterprise offre supporto tecnico continuo dopo l&#039;implementazione delle soluzioni digitali?<\/h2>\n            <\/div>\n            <div class=\"elementskit-faq-body\">\n                \nS\u00ec, FN Enterprise fornisce supporto tecnico continuo per garantire che le soluzioni digitali implementate continuino a soddisfare le esigenze aziendali e rimangano al passo con l'evoluzione del mercato.            <\/div>\n        <\/div>\n                <div class=\"elementskit-single-faq elementor-repeater-item-1df3369\">\n            <div class=\"elementskit-faq-header\">\n                <h2 class=\"elementskit-faq-title\">Quali sono i criteri utilizzati da FN Enterprise per valutare il successo delle soluzioni digitali implementate?<\/h2>\n            <\/div>\n            <div class=\"elementskit-faq-body\">\n                \nFN Enterprise utilizza indicatori chiave prestabiliti, come il miglioramento dell'efficienza operativa, l'aumento della produttivit\u00e0 e la riduzione dei costi, per valutare il successo delle soluzioni digitali implementate.\n\n            <\/div>\n        <\/div>\n                <div class=\"elementskit-single-faq elementor-repeater-item-3a88b0b\">\n            <div class=\"elementskit-faq-header\">\n                <h2 class=\"elementskit-faq-title\">FN Enterprise collabora con fornitori esterni per l&#039;implementazione delle soluzioni digitali?<\/h2>\n            <\/div>\n            <div class=\"elementskit-faq-body\">\n                \nFN Enterprise collabora con una rete selezionata di partner e fornitori qualificati per garantire la massima qualit\u00e0 e affidabilit\u00e0 nell'implementazione delle soluzioni digitali. La collaborazione con fornitori esterni \u00e8 gestita attentamente per garantire la coerenza e l'efficacia dei progetti.\n\n\n\n\n\n            <\/div>\n        <\/div>\n                \n    <\/div>\t\t\t\t<\/div>\n\t\t\t\t<\/div>\n\t\t\t\t\t<\/div>\n\t\t<\/div>\n\t\t\t\t\t<\/div>\n\t\t<\/section>\n\t\t\t\t<section class=\"elementor-section elementor-top-section elementor-element elementor-element-5f95730d elementor-section-boxed elementor-section-height-default elementor-section-height-default\" data-id=\"5f95730d\" data-element_type=\"section\" data-e-type=\"section\">\n\t\t\t\t\t\t<div class=\"elementor-container elementor-column-gap-default\">\n\t\t\t\t\t<div class=\"elementor-column elementor-col-100 elementor-top-column elementor-element elementor-element-b869b72\" data-id=\"b869b72\" data-element_type=\"column\" data-e-type=\"column\">\n\t\t\t<div class=\"elementor-widget-wrap elementor-element-populated\">\n\t\t\t\t\t\t<section class=\"elementor-section elementor-inner-section elementor-element elementor-element-777124 elementor-section-content-middle elementor-section-boxed elementor-section-height-default elementor-section-height-default\" data-id=\"777124\" data-element_type=\"section\" data-e-type=\"section\" data-settings=\"{&quot;background_background&quot;:&quot;classic&quot;}\">\n\t\t\t\t\t\t\t<div class=\"elementor-background-overlay\"><\/div>\n\t\t\t\t\t\t\t<div class=\"elementor-container elementor-column-gap-default\">\n\t\t\t\t\t<div class=\"elementor-column elementor-col-50 elementor-inner-column elementor-element elementor-element-64254376\" data-id=\"64254376\" data-element_type=\"column\" data-e-type=\"column\">\n\t\t\t<div class=\"elementor-widget-wrap elementor-element-populated\">\n\t\t\t\t\t\t<div class=\"elementor-element elementor-element-10313656 elementor-widget elementor-widget-heading\" data-id=\"10313656\" data-element_type=\"widget\" data-e-type=\"widget\" data-widget_type=\"heading.default\">\n\t\t\t\t<div class=\"elementor-widget-container\">\n\t\t\t\t\t<div class=\"elementor-heading-title elementor-size-default\">Al tuo servizio per accompagnarti nella crescita della tua attivit\u00e0. <\/div>\t\t\t\t<\/div>\n\t\t\t\t<\/div>\n\t\t\t\t<div class=\"elementor-element elementor-element-733067f6 elementor-align-left elementor-mobile-align-center elementor-widget elementor-widget-button\" data-id=\"733067f6\" data-element_type=\"widget\" data-e-type=\"widget\" data-widget_type=\"button.default\">\n\t\t\t\t<div class=\"elementor-widget-container\">\n\t\t\t\t\t\t\t\t\t<div class=\"elementor-button-wrapper\">\n\t\t\t\t\t<a class=\"elementor-button elementor-button-link elementor-size-md\" href=\"https:\/\/fnenterprise.it\/index.php\/contatti\/\">\n\t\t\t\t\t\t<span class=\"elementor-button-content-wrapper\">\n\t\t\t\t\t\t\t\t\t<span class=\"elementor-button-text\">Contattaci<\/span>\n\t\t\t\t\t<\/span>\n\t\t\t\t\t<\/a>\n\t\t\t\t<\/div>\n\t\t\t\t\t\t\t\t<\/div>\n\t\t\t\t<\/div>\n\t\t\t\t\t<\/div>\n\t\t<\/div>\n\t\t\t\t<div class=\"elementor-column elementor-col-50 elementor-inner-column elementor-element elementor-element-1d8304b5\" data-id=\"1d8304b5\" data-element_type=\"column\" data-e-type=\"column\">\n\t\t\t<div class=\"elementor-widget-wrap elementor-element-populated\">\n\t\t\t\t\t\t<div class=\"elementor-element elementor-element-4160813a elementor-widget elementor-widget-image\" data-id=\"4160813a\" data-element_type=\"widget\" data-e-type=\"widget\" data-widget_type=\"image.default\">\n\t\t\t\t<div class=\"elementor-widget-container\">\n\t\t\t\t\t\t\t\t\t\t\t\t\t\t\t<img fetchpriority=\"high\" decoding=\"async\" width=\"600\" height=\"600\" src=\"https:\/\/fnenterprise.it\/wp-content\/uploads\/2023\/10\/img_team.png\" class=\"attachment-full size-full wp-image-46\" alt=\"\" srcset=\"https:\/\/fnenterprise.it\/wp-content\/uploads\/2023\/10\/img_team.png 600w, https:\/\/fnenterprise.it\/wp-content\/uploads\/2023\/10\/img_team-300x300.png 300w, https:\/\/fnenterprise.it\/wp-content\/uploads\/2023\/10\/img_team-150x150.png 150w\" sizes=\"(max-width: 600px) 100vw, 600px\" \/>\t\t\t\t\t\t\t\t\t\t\t\t\t\t\t<\/div>\n\t\t\t\t<\/div>\n\t\t\t\t\t<\/div>\n\t\t<\/div>\n\t\t\t\t\t<\/div>\n\t\t<\/section>\n\t\t\t\t\t<\/div>\n\t\t<\/div>\n\t\t\t\t\t<\/div>\n\t\t<\/section>\n\t\t\t\t<\/div>\n\t\t","protected":false},"excerpt":{"rendered":"<p>Domande frequenti. F. A. Q. Quali sono i principali servizi offerti da FN Enterprise? FN Enterprise offre una vasta gamma di servizi, tra cui consulenza strategica per la digitalizzazione, implementazione di soluzioni digitali avanzate, formazione professionale, coaching strategico e supporto tecnico continuo. Ma chi \u00e8 FN Enterprise? Fondata nel 2009, FN Enterprise \u00e8 una realt\u00e0 [&hellip;]<\/p>\n","protected":false},"author":1,"featured_media":0,"parent":0,"menu_order":0,"comment_status":"closed","ping_status":"closed","template":"","meta":{"footnotes":""},"class_list":["post-2573","page","type-page","status-publish","hentry"],"_links":{"self":[{"href":"https:\/\/fnenterprise.it\/index.php\/wp-json\/wp\/v2\/pages\/2573","targetHints":{"allow":["GET"]}}],"collection":[{"href":"https:\/\/fnenterprise.it\/index.php\/wp-json\/wp\/v2\/pages"}],"about":[{"href":"https:\/\/fnenterprise.it\/index.php\/wp-json\/wp\/v2\/types\/page"}],"author":[{"embeddable":true,"href":"https:\/\/fnenterprise.it\/index.php\/wp-json\/wp\/v2\/users\/1"}],"replies":[{"embeddable":true,"href":"https:\/\/fnenterprise.it\/index.php\/wp-json\/wp\/v2\/comments?post=2573"}],"version-history":[{"count":25,"href":"https:\/\/fnenterprise.it\/index.php\/wp-json\/wp\/v2\/pages\/2573\/revisions"}],"predecessor-version":[{"id":2609,"href":"https:\/\/fnenterprise.it\/index.php\/wp-json\/wp\/v2\/pages\/2573\/revisions\/2609"}],"wp:attachment":[{"href":"https:\/\/fnenterprise.it\/index.php\/wp-json\/wp\/v2\/media?parent=2573"}],"curies":[{"name":"wp","href":"https:\/\/api.w.org\/{rel}","templated":true}]}}